{"id":18325,"date":"2024-09-25T17:32:59","date_gmt":"2024-09-25T17:32:59","guid":{"rendered":"https:\/\/artsnb.ca\/web\/?page_id=18325"},"modified":"2024-11-11T18:36:22","modified_gmt":"2024-11-11T18:36:22","slug":"2024-lga-visual-arts-award","status":"publish","type":"page","link":"https:\/\/artsnb.ca\/web\/2024-lga-visual-arts-award\/?lang=fr","title":{"rendered":"Phil Comeau"},"content":{"rendered":"\n<p><\/p>\n\n\n\n<div style=\"height:20px\" aria-hidden=\"true\" class=\"wp-block-spacer\"><\/div>\n\n\n\n<p class=\"has-text-align-center has-x-large-font-size\" style=\"letter-spacing:5px\">PHIL COMEAU<\/p>\n\n\n\n<p class=\"has-text-align-center\" style=\"font-size:18px\"><strong>Prix de la lieutenante-gouverneure pour l\u2019excellence dans les arts<\/strong><\/p>\n\n\n\n<p class=\"has-text-align-center has-medium-font-size\"><strong>Laur\u00e9at 2024 du Prix en arts visuels<\/strong><\/p>\n\n\n\n<div style=\"height:40px\" aria-hidden=\"true\" class=\"wp-block-spacer\"><\/div>\n\n\n\n<figure class=\"wp-block-image size-large\"><img loading=\"lazy\" decoding=\"async\" width=\"1024\" height=\"485\" src=\"https:\/\/artsnb.ca\/web\/wp-content\/uploads\/2024\/09\/FB-IG_post-Phil-Comeau-1024x485.png\" alt=\"\" class=\"wp-image-18292\" srcset=\"https:\/\/artsnb.ca\/web\/wp-content\/uploads\/2024\/09\/FB-IG_post-Phil-Comeau-1024x485.png 1024w, https:\/\/artsnb.ca\/web\/wp-content\/uploads\/2024\/09\/FB-IG_post-Phil-Comeau-300x142.png 300w, https:\/\/artsnb.ca\/web\/wp-content\/uploads\/2024\/09\/FB-IG_post-Phil-Comeau-768x364.png 768w, https:\/\/artsnb.ca\/web\/wp-content\/uploads\/2024\/09\/FB-IG_post-Phil-Comeau-1536x728.png 1536w, https:\/\/artsnb.ca\/web\/wp-content\/uploads\/2024\/09\/FB-IG_post-Phil-Comeau-2048x970.png 2048w\" sizes=\"auto, (max-width: 1024px) 100vw, 1024px\" \/><\/figure>\n\n\n\n<div style=\"height:40px\" aria-hidden=\"true\" class=\"wp-block-spacer\"><\/div>\n\n\n\n<div class=\"wp-block-columns is-layout-flex wp-container-core-columns-is-layout-9d6595d7 wp-block-columns-is-layout-flex\">\n<div class=\"wp-block-column has-medium-font-size is-layout-flow wp-block-column-is-layout-flow\" style=\"flex-basis:50%\">\n<p class=\"has-drop-cap\"><strong>Phil Comeau<\/strong> est un cin\u00e9aste en documentaire et en fiction. Ses \u0153uvres ont \u00e9t\u00e9 projet\u00e9es dans des festivals de cin\u00e9ma du monde entier, remportant plus de 700 prix. Il habite \u00e0 Moncton au Nouveau-Brunswick.<\/p>\n\n\n\n<p>Figure incontournable du cin\u00e9ma acadien, Phil Comeau est un des t\u00e9moins de l\u2019Acadie contemporaine. Interrogeant l\u2019histoire, la culture et l\u2019identit\u00e9, son \u0153uvre constitue une remarquable fresque retra\u00e7ant la r\u00e9silience et l\u2019\u00e9mancipation d\u2019un peuple.<\/p>\n<\/div>\n\n\n\n<div class=\"wp-block-column has-medium-font-size is-layout-flow wp-block-column-is-layout-flow\" style=\"flex-basis:50%\">\n<p>Reconnu pour sa capacit\u00e9 \u00e0 raconter des histoires captivantes qui r\u00e9sonnent aupr\u00e8s du public, Phil d\u00e9niche des personnages qui \u00e9meuvent tout en d\u00e9montrant un rare talent pour simplifier des \u00e9v\u00e9nements historiques complexes.<\/p>\n\n\n\n<p>Pour sa contribution \u00e0 la culture et au cin\u00e9ma acadien, Phil a re\u00e7u nombreuses d\u00e9corations dont l\u2019Ordre du Canada, l\u2019Ordre du Nouveau-Brunswick, et a r\u00e9cemment \u00e9t\u00e9 promu au grade d\u2019Officier de l\u2019Ordre des arts et des Lettres de la France. Son film ind\u00e9pendant <em>Belle-Ile en Acadie <\/em>lui a m\u00e9rit\u00e9 un Record du monde Guinness pour le plus grand nombre de prix gagn\u00e9s par un documentaire.<\/p>\n<\/div>\n<\/div>\n\n\n\n<div style=\"height:40px\" aria-hidden=\"true\" class=\"wp-block-spacer\"><\/div>\n\n\n\n<figure class=\"wp-block-embed is-type-video is-provider-youtube wp-block-embed-youtube wp-embed-aspect-16-9 wp-has-aspect-ratio\"><div class=\"wp-block-embed__wrapper\">\n<div class=\"responsive-embed widescreen\"><iframe loading=\"lazy\" title=\"Phil Comeau: 2024 LGA Laureate | Phil Comeau : laur\u00e9at 2024 des PLG\" width=\"500\" height=\"281\" src=\"https:\/\/www.youtube.com\/embed\/sLHERlw-dIM?feature=oembed\" frameborder=\"0\" allow=\"accelerometer; autoplay; clipboard-write; encrypted-media; gyroscope; picture-in-picture; web-share\" referrerpolicy=\"strict-origin-when-cross-origin\" allowfullscreen><\/iframe><\/div>\n<\/div><\/figure>\n\n\n\n<div style=\"height:40px\" aria-hidden=\"true\" class=\"wp-block-spacer\"><\/div>\n\n\n<div class=\"wp-block-image\">\n<figure class=\"aligncenter size-full\"><a href=\"https:\/\/artsnb.ca\/web\/awards\/lieutenant-governors-awards\/?lang=fr\"><img loading=\"lazy\" decoding=\"async\" width=\"851\" height=\"315\" src=\"https:\/\/artsnb.ca\/web\/wp-content\/uploads\/2024\/09\/Website-banner.png\" alt=\"\" class=\"wp-image-18297\" srcset=\"https:\/\/artsnb.ca\/web\/wp-content\/uploads\/2024\/09\/Website-banner.png 851w, https:\/\/artsnb.ca\/web\/wp-content\/uploads\/2024\/09\/Website-banner-300x111.png 300w, https:\/\/artsnb.ca\/web\/wp-content\/uploads\/2024\/09\/Website-banner-768x284.png 768w\" sizes=\"auto, (max-width: 851px) 100vw, 851px\" \/><\/a><\/figure>\n<\/div>","protected":false},"excerpt":{"rendered":"<p>PHIL COMEAU Prix de la lieutenante-gouverneure pour l\u2019excellence dans les arts Laur\u00e9at 2024 du Prix en arts visuels Phil Comeau est un cin\u00e9aste en documentaire et en fiction. Ses \u0153uvres ont \u00e9t\u00e9 projet\u00e9es dans des festivals de cin\u00e9ma du monde entier, remportant plus de 700 prix. Il habite \u00e0 Moncton au Nouveau-Brunswick. Figure incontournable du<\/p>\n","protected":false},"author":7,"featured_media":18296,"parent":0,"menu_order":0,"comment_status":"closed","ping_status":"closed","template":"","meta":{"_acf_changed":false,"footnotes":""},"class_list":["post-18325","page","type-page","status-publish","has-post-thumbnail","hentry"],"acf":[],"yoast_head":"<!-- This site is optimized with the Yoast SEO plugin v27.5 - https:\/\/yoast.com\/product\/yoast-seo-wordpress\/ -->\n<title>Phil Comeau - ArtsNB<\/title>\n<meta name=\"robots\" content=\"index, follow, max-snippet:-1, max-image-preview:large, max-video-preview:-1\" \/>\n<link rel=\"canonical\" href=\"https:\/\/artsnb.ca\/web\/2024-lga-visual-arts-award\/\" \/>\n<meta property=\"og:locale\" content=\"en_US\" \/>\n<meta property=\"og:type\" content=\"article\" \/>\n<meta property=\"og:title\" content=\"Phil Comeau - ArtsNB\" \/>\n<meta property=\"og:description\" content=\"PHIL COMEAU Prix de la lieutenante-gouverneure pour l\u2019excellence dans les arts Laur\u00e9at 2024 du Prix en arts visuels Phil Comeau est un cin\u00e9aste en documentaire et en fiction. Ses \u0153uvres ont \u00e9t\u00e9 projet\u00e9es dans des festivals de cin\u00e9ma du monde entier, remportant plus de 700 prix. Il habite \u00e0 Moncton au Nouveau-Brunswick. Figure incontournable du\" \/>\n<meta property=\"og:url\" content=\"https:\/\/artsnb.ca\/web\/2024-lga-visual-arts-award\/?lang=fr\" \/>\n<meta property=\"og:site_name\" content=\"ArtsNB\" \/>\n<meta property=\"article:publisher\" content=\"https:\/\/www.facebook.com\/artsnb\/\" \/>\n<meta property=\"article:modified_time\" content=\"2024-11-11T18:36:22+00:00\" \/>\n<meta property=\"og:image\" content=\"https:\/\/artsnb.ca\/web\/wp-content\/uploads\/2024\/09\/FB-IG_post-Phil-Comeau-scaled.jpg\" \/>\n\t<meta property=\"og:image:width\" content=\"2560\" \/>\n\t<meta property=\"og:image:height\" content=\"2560\" \/>\n\t<meta property=\"og:image:type\" content=\"image\/jpeg\" \/>\n<meta name=\"twitter:card\" content=\"summary_large_image\" \/>\n<meta name=\"twitter:site\" content=\"@artsnb\" \/>\n<meta name=\"twitter:label1\" content=\"Est. reading time\" \/>\n\t<meta name=\"twitter:data1\" content=\"2 minutes\" \/>\n<script type=\"application\/ld+json\" class=\"yoast-schema-graph\">{\"@context\":\"https:\\\/\\\/schema.org\",\"@graph\":[{\"@type\":\"WebPage\",\"@id\":\"https:\\\/\\\/artsnb.ca\\\/web\\\/2024-lga-visual-arts-award\\\/?lang=fr\",\"url\":\"https:\\\/\\\/artsnb.ca\\\/web\\\/2024-lga-visual-arts-award\\\/?lang=fr\",\"name\":\"Phil Comeau - ArtsNB\",\"isPartOf\":{\"@id\":\"https:\\\/\\\/artsnb.ca\\\/web\\\/#website\"},\"primaryImageOfPage\":{\"@id\":\"https:\\\/\\\/artsnb.ca\\\/web\\\/2024-lga-visual-arts-award\\\/?lang=fr#primaryimage\"},\"image\":{\"@id\":\"https:\\\/\\\/artsnb.ca\\\/web\\\/2024-lga-visual-arts-award\\\/?lang=fr#primaryimage\"},\"thumbnailUrl\":\"https:\\\/\\\/artsnb.ca\\\/web\\\/wp-content\\\/uploads\\\/2024\\\/09\\\/FB-IG_post-Phil-Comeau-scaled.jpg\",\"datePublished\":\"2024-09-25T17:32:59+00:00\",\"dateModified\":\"2024-11-11T18:36:22+00:00\",\"breadcrumb\":{\"@id\":\"https:\\\/\\\/artsnb.ca\\\/web\\\/2024-lga-visual-arts-award\\\/?lang=fr#breadcrumb\"},\"inLanguage\":\"en-US\",\"potentialAction\":[{\"@type\":\"ReadAction\",\"target\":[\"https:\\\/\\\/artsnb.ca\\\/web\\\/2024-lga-visual-arts-award\\\/?lang=fr\"]}]},{\"@type\":\"ImageObject\",\"inLanguage\":\"en-US\",\"@id\":\"https:\\\/\\\/artsnb.ca\\\/web\\\/2024-lga-visual-arts-award\\\/?lang=fr#primaryimage\",\"url\":\"https:\\\/\\\/artsnb.ca\\\/web\\\/wp-content\\\/uploads\\\/2024\\\/09\\\/FB-IG_post-Phil-Comeau-scaled.jpg\",\"contentUrl\":\"https:\\\/\\\/artsnb.ca\\\/web\\\/wp-content\\\/uploads\\\/2024\\\/09\\\/FB-IG_post-Phil-Comeau-scaled.jpg\",\"width\":2560,\"height\":2560},{\"@type\":\"BreadcrumbList\",\"@id\":\"https:\\\/\\\/artsnb.ca\\\/web\\\/2024-lga-visual-arts-award\\\/?lang=fr#breadcrumb\",\"itemListElement\":[{\"@type\":\"ListItem\",\"position\":1,\"name\":\"Home\",\"item\":\"https:\\\/\\\/artsnb.ca\\\/web\\\/\"},{\"@type\":\"ListItem\",\"position\":2,\"name\":\"Phil Comeau\"}]},{\"@type\":\"WebSite\",\"@id\":\"https:\\\/\\\/artsnb.ca\\\/web\\\/#website\",\"url\":\"https:\\\/\\\/artsnb.ca\\\/web\\\/\",\"name\":\"ArtsNB\",\"description\":\"EXCELLENCE. PROFESSIONALISM. INNOVATION.\",\"publisher\":{\"@id\":\"https:\\\/\\\/artsnb.ca\\\/web\\\/#organization\"},\"potentialAction\":[{\"@type\":\"SearchAction\",\"target\":{\"@type\":\"EntryPoint\",\"urlTemplate\":\"https:\\\/\\\/artsnb.ca\\\/web\\\/?s={search_term_string}\"},\"query-input\":{\"@type\":\"PropertyValueSpecification\",\"valueRequired\":true,\"valueName\":\"search_term_string\"}}],\"inLanguage\":\"en-US\"},{\"@type\":\"Organization\",\"@id\":\"https:\\\/\\\/artsnb.ca\\\/web\\\/#organization\",\"name\":\"ArtsNB\",\"url\":\"https:\\\/\\\/artsnb.ca\\\/web\\\/\",\"logo\":{\"@type\":\"ImageObject\",\"inLanguage\":\"en-US\",\"@id\":\"https:\\\/\\\/artsnb.ca\\\/web\\\/#\\\/schema\\\/logo\\\/image\\\/\",\"url\":\"https:\\\/\\\/artsnb.ca\\\/web\\\/wp-content\\\/uploads\\\/2024\\\/04\\\/cropped-artsnb-PrimaryLogo-vertical-HiRes-2.jpg\",\"contentUrl\":\"https:\\\/\\\/artsnb.ca\\\/web\\\/wp-content\\\/uploads\\\/2024\\\/04\\\/cropped-artsnb-PrimaryLogo-vertical-HiRes-2.jpg\",\"width\":1698,\"height\":1223,\"caption\":\"ArtsNB\"},\"image\":{\"@id\":\"https:\\\/\\\/artsnb.ca\\\/web\\\/#\\\/schema\\\/logo\\\/image\\\/\"},\"sameAs\":[\"https:\\\/\\\/www.facebook.com\\\/artsnb\\\/\",\"https:\\\/\\\/x.com\\\/artsnb\",\"https:\\\/\\\/www.instagram.com\\\/artsnb\\\/\"]}]}<\/script>\n<!-- \/ Yoast SEO plugin. -->","yoast_head_json":{"title":"Phil Comeau - ArtsNB","robots":{"index":"index","follow":"follow","max-snippet":"max-snippet:-1","max-image-preview":"max-image-preview:large","max-video-preview":"max-video-preview:-1"},"canonical":"https:\/\/artsnb.ca\/web\/2024-lga-visual-arts-award\/","og_locale":"en_US","og_type":"article","og_title":"Phil Comeau - ArtsNB","og_description":"PHIL COMEAU Prix de la lieutenante-gouverneure pour l\u2019excellence dans les arts Laur\u00e9at 2024 du Prix en arts visuels Phil Comeau est un cin\u00e9aste en documentaire et en fiction. Ses \u0153uvres ont \u00e9t\u00e9 projet\u00e9es dans des festivals de cin\u00e9ma du monde entier, remportant plus de 700 prix. Il habite \u00e0 Moncton au Nouveau-Brunswick. Figure incontournable du","og_url":"https:\/\/artsnb.ca\/web\/2024-lga-visual-arts-award\/?lang=fr","og_site_name":"ArtsNB","article_publisher":"https:\/\/www.facebook.com\/artsnb\/","article_modified_time":"2024-11-11T18:36:22+00:00","og_image":[{"width":2560,"height":2560,"url":"https:\/\/artsnb.ca\/web\/wp-content\/uploads\/2024\/09\/FB-IG_post-Phil-Comeau-scaled.jpg","type":"image\/jpeg"}],"twitter_card":"summary_large_image","twitter_site":"@artsnb","twitter_misc":{"Est. reading time":"2 minutes"},"schema":{"@context":"https:\/\/schema.org","@graph":[{"@type":"WebPage","@id":"https:\/\/artsnb.ca\/web\/2024-lga-visual-arts-award\/?lang=fr","url":"https:\/\/artsnb.ca\/web\/2024-lga-visual-arts-award\/?lang=fr","name":"Phil Comeau - ArtsNB","isPartOf":{"@id":"https:\/\/artsnb.ca\/web\/#website"},"primaryImageOfPage":{"@id":"https:\/\/artsnb.ca\/web\/2024-lga-visual-arts-award\/?lang=fr#primaryimage"},"image":{"@id":"https:\/\/artsnb.ca\/web\/2024-lga-visual-arts-award\/?lang=fr#primaryimage"},"thumbnailUrl":"https:\/\/artsnb.ca\/web\/wp-content\/uploads\/2024\/09\/FB-IG_post-Phil-Comeau-scaled.jpg","datePublished":"2024-09-25T17:32:59+00:00","dateModified":"2024-11-11T18:36:22+00:00","breadcrumb":{"@id":"https:\/\/artsnb.ca\/web\/2024-lga-visual-arts-award\/?lang=fr#breadcrumb"},"inLanguage":"en-US","potentialAction":[{"@type":"ReadAction","target":["https:\/\/artsnb.ca\/web\/2024-lga-visual-arts-award\/?lang=fr"]}]},{"@type":"ImageObject","inLanguage":"en-US","@id":"https:\/\/artsnb.ca\/web\/2024-lga-visual-arts-award\/?lang=fr#primaryimage","url":"https:\/\/artsnb.ca\/web\/wp-content\/uploads\/2024\/09\/FB-IG_post-Phil-Comeau-scaled.jpg","contentUrl":"https:\/\/artsnb.ca\/web\/wp-content\/uploads\/2024\/09\/FB-IG_post-Phil-Comeau-scaled.jpg","width":2560,"height":2560},{"@type":"BreadcrumbList","@id":"https:\/\/artsnb.ca\/web\/2024-lga-visual-arts-award\/?lang=fr#breadcrumb","itemListElement":[{"@type":"ListItem","position":1,"name":"Home","item":"https:\/\/artsnb.ca\/web\/"},{"@type":"ListItem","position":2,"name":"Phil Comeau"}]},{"@type":"WebSite","@id":"https:\/\/artsnb.ca\/web\/#website","url":"https:\/\/artsnb.ca\/web\/","name":"ArtsNB","description":"EXCELLENCE. PROFESSIONALISM. INNOVATION.","publisher":{"@id":"https:\/\/artsnb.ca\/web\/#organization"},"potentialAction":[{"@type":"SearchAction","target":{"@type":"EntryPoint","urlTemplate":"https:\/\/artsnb.ca\/web\/?s={search_term_string}"},"query-input":{"@type":"PropertyValueSpecification","valueRequired":true,"valueName":"search_term_string"}}],"inLanguage":"en-US"},{"@type":"Organization","@id":"https:\/\/artsnb.ca\/web\/#organization","name":"ArtsNB","url":"https:\/\/artsnb.ca\/web\/","logo":{"@type":"ImageObject","inLanguage":"en-US","@id":"https:\/\/artsnb.ca\/web\/#\/schema\/logo\/image\/","url":"https:\/\/artsnb.ca\/web\/wp-content\/uploads\/2024\/04\/cropped-artsnb-PrimaryLogo-vertical-HiRes-2.jpg","contentUrl":"https:\/\/artsnb.ca\/web\/wp-content\/uploads\/2024\/04\/cropped-artsnb-PrimaryLogo-vertical-HiRes-2.jpg","width":1698,"height":1223,"caption":"ArtsNB"},"image":{"@id":"https:\/\/artsnb.ca\/web\/#\/schema\/logo\/image\/"},"sameAs":["https:\/\/www.facebook.com\/artsnb\/","https:\/\/x.com\/artsnb","https:\/\/www.instagram.com\/artsnb\/"]}]}},"_links":{"self":[{"href":"https:\/\/artsnb.ca\/web\/wp-json\/wp\/v2\/pages\/18325","targetHints":{"allow":["GET"]}}],"collection":[{"href":"https:\/\/artsnb.ca\/web\/wp-json\/wp\/v2\/pages"}],"about":[{"href":"https:\/\/artsnb.ca\/web\/wp-json\/wp\/v2\/types\/page"}],"author":[{"embeddable":true,"href":"https:\/\/artsnb.ca\/web\/wp-json\/wp\/v2\/users\/7"}],"replies":[{"embeddable":true,"href":"https:\/\/artsnb.ca\/web\/wp-json\/wp\/v2\/comments?post=18325"}],"version-history":[{"count":7,"href":"https:\/\/artsnb.ca\/web\/wp-json\/wp\/v2\/pages\/18325\/revisions"}],"predecessor-version":[{"id":18789,"href":"https:\/\/artsnb.ca\/web\/wp-json\/wp\/v2\/pages\/18325\/revisions\/18789"}],"wp:featuredmedia":[{"embeddable":true,"href":"https:\/\/artsnb.ca\/web\/wp-json\/wp\/v2\/media\/18296"}],"wp:attachment":[{"href":"https:\/\/artsnb.ca\/web\/wp-json\/wp\/v2\/media?parent=18325"}],"curies":[{"name":"wp","href":"https:\/\/api.w.org\/{rel}","templated":true}]}}