{"id":18378,"date":"2024-09-25T17:33:24","date_gmt":"2024-09-25T17:33:24","guid":{"rendered":"https:\/\/artsnb.ca\/web\/?page_id=18378"},"modified":"2024-11-11T18:43:58","modified_gmt":"2024-11-11T18:43:58","slug":"2024-indigenous-artist-award","status":"publish","type":"page","link":"https:\/\/artsnb.ca\/web\/2024-indigenous-artist-award\/?lang=fr","title":{"rendered":"Tara Francis"},"content":{"rendered":"\n<p class=\"has-text-align-center has-x-large-font-size\" style=\"letter-spacing:5px\">TARA FRANCIS<\/p>\n\n\n\n<p class=\"has-text-align-center\" style=\"font-size:18px\"><strong>Prix de la lieutenante-gouverneure pour l\u2019excellence dans les arts<\/strong><\/p>\n\n\n\n<p class=\"has-text-align-center has-medium-font-size\"><strong>Laur\u00e9ate 2024 du Prix de l\u2019artiste autochtone<\/strong><\/p>\n\n\n\n<div style=\"height:40px\" aria-hidden=\"true\" class=\"wp-block-spacer\"><\/div>\n\n\n\n<figure class=\"wp-block-image size-large\"><img loading=\"lazy\" decoding=\"async\" width=\"1024\" height=\"485\" src=\"https:\/\/artsnb.ca\/web\/wp-content\/uploads\/2024\/09\/FB-IG_post-Tara-Francis-1024x485.png\" alt=\"\" class=\"wp-image-18375\" srcset=\"https:\/\/artsnb.ca\/web\/wp-content\/uploads\/2024\/09\/FB-IG_post-Tara-Francis-1024x485.png 1024w, https:\/\/artsnb.ca\/web\/wp-content\/uploads\/2024\/09\/FB-IG_post-Tara-Francis-300x142.png 300w, https:\/\/artsnb.ca\/web\/wp-content\/uploads\/2024\/09\/FB-IG_post-Tara-Francis-768x364.png 768w, https:\/\/artsnb.ca\/web\/wp-content\/uploads\/2024\/09\/FB-IG_post-Tara-Francis-1536x728.png 1536w, https:\/\/artsnb.ca\/web\/wp-content\/uploads\/2024\/09\/FB-IG_post-Tara-Francis-2048x970.png 2048w\" sizes=\"auto, (max-width: 1024px) 100vw, 1024px\" \/><\/figure>\n\n\n\n<div style=\"height:40px\" aria-hidden=\"true\" class=\"wp-block-spacer\"><\/div>\n\n\n\n<div class=\"wp-block-columns is-layout-flex wp-container-core-columns-is-layout-9d6595d7 wp-block-columns-is-layout-flex\">\n<div class=\"wp-block-column is-vertically-aligned-stretch is-layout-flow wp-block-column-is-layout-flow\" style=\"flex-basis:50%\">\n<p class=\"has-drop-cap has-medium-font-size\"><strong>Tara Francis<\/strong> est une artiste visuelle mi&#8217;kmaq de la Premi\u00e8re nation d&#8217;Elsipogtog. Consid\u00e9r\u00e9e comme ma\u00eetre dans l\u2019art de l\u2019ornementation en piquants de porc-\u00e9pic, Tara est une artiste multidisciplinaire dont le travail comprend \u00e9galement le design de surfaces et la peinture.<br><br>Entrem\u00ealant dans son art ses voyages spirituels et artistiques, l&#8217;\u0153uvre de Tara est impr\u00e9gn\u00e9 de la connexion qu\u2019elle entretient avec ses anc\u00eatres par l\u2019utilisation de techniques traditionnelles dans son art qu&#8217;elle applique \u00e0 de nouvelles formes, tout en abordant les questions contemporaines qui touchent profond\u00e9ment son peuple et l&#8217;environnement. La touche contemporaine qu&#8217;elle donne \u00e0 ses \u0153uvres en piquants de porc-\u00e9pic a permis \u00e0 son travail de se distinguer \u00e0 l&#8217;\u00e9chelle internationale.<br><br>D\u00e9vou\u00e9e \u00e0 la pr\u00e9servation et \u00e0 la revitalisation de l&#8217;art traditionnel de l\u2019ornementation en piquants de porc-\u00e9pic, Tara a partag\u00e9 son savoir en enseignant dans tout le Canada atlantique et dans le Maine. <\/p>\n\n\n\n<p class=\"has-medium-font-size\"><\/p>\n\n\n\n<p class=\"has-medium-font-size\"><\/p>\n<\/div>\n\n\n\n<div class=\"wp-block-column is-vertically-aligned-stretch is-layout-flow wp-block-column-is-layout-flow\" style=\"flex-basis:50%\">\n<p class=\"has-medium-font-size\">Ses \u0153uvres figurent dans des collections publiques et priv\u00e9es du monde entier, notamment au Mus\u00e9e des beaux-arts de Beaverbrook, au Smithsonian Affiliated Abbe Museum et dans la collection priv\u00e9e de sa Majest\u00e9 le roi Charles III, gr\u00e2ce \u00e0 une commande de la lieutenante-gouverneure du Nouveau-Brunswick. Le travail de Tara a \u00e9t\u00e9 pr\u00e9sent\u00e9 dans la s\u00e9rie documentaire Wabanaakik d&#8217;APTN, dans le court m\u00e9trage documentaire <em>Wabanaki Modern<\/em> du cin\u00e9aste ind\u00e9pendant Clem McIntosh, dans le documentaire de CBC <em>Shining A Light on Indigenous Art in Atlantic Canada,<\/em> qui para\u00eetra bient\u00f4t, et dans divers magazines et chroniques artistiques.<br><br>Tara continue de repousser les limites de l&#8217;art autochtone traditionnel tout en restant fid\u00e8le \u00e0 ses racines mi&#8217;kmaq. Elle vit et travaille \u00e0 Shediac et \u00e0 Fredericton, au Nouveau-Brunswick.<\/p>\n\n\n\n<p class=\"has-medium-font-size\"><\/p>\n\n\n\n<p class=\"has-small-font-size\"><\/p>\n<\/div>\n<\/div>\n\n\n\n<div style=\"height:40px\" aria-hidden=\"true\" class=\"wp-block-spacer\"><\/div>\n\n\n\n<figure class=\"wp-block-embed is-type-video is-provider-youtube wp-block-embed-youtube wp-embed-aspect-16-9 wp-has-aspect-ratio\"><div class=\"wp-block-embed__wrapper\">\n<div class=\"responsive-embed widescreen\"><iframe loading=\"lazy\" title=\"Tara Francis: 2024 LGA Laureate | Tara Francis : laur\u00e9ate 2024 des PLG\" width=\"500\" height=\"281\" src=\"https:\/\/www.youtube.com\/embed\/BOYrPTv8JvY?feature=oembed\" frameborder=\"0\" allow=\"accelerometer; autoplay; clipboard-write; encrypted-media; gyroscope; picture-in-picture; web-share\" referrerpolicy=\"strict-origin-when-cross-origin\" allowfullscreen><\/iframe><\/div>\n<\/div><\/figure>\n\n\n\n<div style=\"height:40px\" aria-hidden=\"true\" class=\"wp-block-spacer\"><\/div>\n\n\n<div class=\"wp-block-image\">\n<figure class=\"aligncenter size-full is-resized\"><a href=\"https:\/\/artsnb.ca\/web\/awards\/lieutenant-governors-awards\/?lang=fr\"><img loading=\"lazy\" decoding=\"async\" width=\"851\" height=\"315\" src=\"https:\/\/artsnb.ca\/web\/wp-content\/uploads\/2024\/09\/Website-banner.png\" alt=\"\" class=\"wp-image-18297\" style=\"width:840px;height:auto\" srcset=\"https:\/\/artsnb.ca\/web\/wp-content\/uploads\/2024\/09\/Website-banner.png 851w, https:\/\/artsnb.ca\/web\/wp-content\/uploads\/2024\/09\/Website-banner-300x111.png 300w, https:\/\/artsnb.ca\/web\/wp-content\/uploads\/2024\/09\/Website-banner-768x284.png 768w\" sizes=\"auto, (max-width: 851px) 100vw, 851px\" \/><\/a><\/figure>\n<\/div>","protected":false},"excerpt":{"rendered":"<p>TARA FRANCIS Prix de la lieutenante-gouverneure pour l\u2019excellence dans les arts Laur\u00e9ate 2024 du Prix de l\u2019artiste autochtone Tara Francis est une artiste visuelle mi&#8217;kmaq de la Premi\u00e8re nation d&#8217;Elsipogtog. Consid\u00e9r\u00e9e comme ma\u00eetre dans l\u2019art de l\u2019ornementation en piquants de porc-\u00e9pic, Tara est une artiste multidisciplinaire dont le travail comprend \u00e9galement le design de surfaces<\/p>\n","protected":false},"author":7,"featured_media":0,"parent":0,"menu_order":0,"comment_status":"closed","ping_status":"closed","template":"","meta":{"_acf_changed":false,"footnotes":""},"class_list":["post-18378","page","type-page","status-publish","hentry"],"acf":[],"yoast_head":"<!-- This site is optimized with the Yoast SEO plugin v27.5 - https:\/\/yoast.com\/product\/yoast-seo-wordpress\/ -->\n<title>Tara Francis - ArtsNB<\/title>\n<meta name=\"robots\" content=\"index, follow, max-snippet:-1, max-image-preview:large, max-video-preview:-1\" \/>\n<link rel=\"canonical\" href=\"https:\/\/artsnb.ca\/web\/2024-indigenous-artist-award\/\" \/>\n<meta property=\"og:locale\" content=\"en_US\" \/>\n<meta property=\"og:type\" content=\"article\" \/>\n<meta property=\"og:title\" content=\"Tara Francis - ArtsNB\" \/>\n<meta property=\"og:description\" content=\"TARA FRANCIS Prix de la lieutenante-gouverneure pour l\u2019excellence dans les arts Laur\u00e9ate 2024 du Prix de l\u2019artiste autochtone Tara Francis est une artiste visuelle mi&#8217;kmaq de la Premi\u00e8re nation d&#8217;Elsipogtog. Consid\u00e9r\u00e9e comme ma\u00eetre dans l\u2019art de l\u2019ornementation en piquants de porc-\u00e9pic, Tara est une artiste multidisciplinaire dont le travail comprend \u00e9galement le design de surfaces\" \/>\n<meta property=\"og:url\" content=\"https:\/\/artsnb.ca\/web\/2024-indigenous-artist-award\/?lang=fr\" \/>\n<meta property=\"og:site_name\" content=\"ArtsNB\" \/>\n<meta property=\"article:publisher\" content=\"https:\/\/www.facebook.com\/artsnb\/\" \/>\n<meta property=\"article:modified_time\" content=\"2024-11-11T18:43:58+00:00\" \/>\n<meta property=\"og:image\" content=\"https:\/\/artsnb.ca\/web\/wp-content\/uploads\/2024\/09\/FB-IG_post-Tara-Francis-1024x485.png\" \/>\n\t<meta property=\"og:image:width\" content=\"1024\" \/>\n\t<meta property=\"og:image:height\" content=\"485\" \/>\n\t<meta property=\"og:image:type\" content=\"image\/png\" \/>\n<meta name=\"twitter:card\" content=\"summary_large_image\" \/>\n<meta name=\"twitter:site\" content=\"@artsnb\" \/>\n<meta name=\"twitter:label1\" content=\"Est. reading time\" \/>\n\t<meta name=\"twitter:data1\" content=\"2 minutes\" \/>\n<script type=\"application\/ld+json\" class=\"yoast-schema-graph\">{\"@context\":\"https:\\\/\\\/schema.org\",\"@graph\":[{\"@type\":\"WebPage\",\"@id\":\"https:\\\/\\\/artsnb.ca\\\/web\\\/2024-indigenous-artist-award\\\/?lang=fr\",\"url\":\"https:\\\/\\\/artsnb.ca\\\/web\\\/2024-indigenous-artist-award\\\/?lang=fr\",\"name\":\"Tara Francis - ArtsNB\",\"isPartOf\":{\"@id\":\"https:\\\/\\\/artsnb.ca\\\/web\\\/#website\"},\"primaryImageOfPage\":{\"@id\":\"https:\\\/\\\/artsnb.ca\\\/web\\\/2024-indigenous-artist-award\\\/?lang=fr#primaryimage\"},\"image\":{\"@id\":\"https:\\\/\\\/artsnb.ca\\\/web\\\/2024-indigenous-artist-award\\\/?lang=fr#primaryimage\"},\"thumbnailUrl\":\"https:\\\/\\\/artsnb.ca\\\/web\\\/wp-content\\\/uploads\\\/2024\\\/09\\\/FB-IG_post-Tara-Francis-1024x485.png\",\"datePublished\":\"2024-09-25T17:33:24+00:00\",\"dateModified\":\"2024-11-11T18:43:58+00:00\",\"breadcrumb\":{\"@id\":\"https:\\\/\\\/artsnb.ca\\\/web\\\/2024-indigenous-artist-award\\\/?lang=fr#breadcrumb\"},\"inLanguage\":\"en-US\",\"potentialAction\":[{\"@type\":\"ReadAction\",\"target\":[\"https:\\\/\\\/artsnb.ca\\\/web\\\/2024-indigenous-artist-award\\\/?lang=fr\"]}]},{\"@type\":\"ImageObject\",\"inLanguage\":\"en-US\",\"@id\":\"https:\\\/\\\/artsnb.ca\\\/web\\\/2024-indigenous-artist-award\\\/?lang=fr#primaryimage\",\"url\":\"https:\\\/\\\/artsnb.ca\\\/web\\\/wp-content\\\/uploads\\\/2024\\\/09\\\/FB-IG_post-Tara-Francis.png\",\"contentUrl\":\"https:\\\/\\\/artsnb.ca\\\/web\\\/wp-content\\\/uploads\\\/2024\\\/09\\\/FB-IG_post-Tara-Francis.png\",\"width\":3000,\"height\":1421},{\"@type\":\"BreadcrumbList\",\"@id\":\"https:\\\/\\\/artsnb.ca\\\/web\\\/2024-indigenous-artist-award\\\/?lang=fr#breadcrumb\",\"itemListElement\":[{\"@type\":\"ListItem\",\"position\":1,\"name\":\"Home\",\"item\":\"https:\\\/\\\/artsnb.ca\\\/web\\\/\"},{\"@type\":\"ListItem\",\"position\":2,\"name\":\"Tara Francis\"}]},{\"@type\":\"WebSite\",\"@id\":\"https:\\\/\\\/artsnb.ca\\\/web\\\/#website\",\"url\":\"https:\\\/\\\/artsnb.ca\\\/web\\\/\",\"name\":\"ArtsNB\",\"description\":\"EXCELLENCE. PROFESSIONALISM. INNOVATION.\",\"publisher\":{\"@id\":\"https:\\\/\\\/artsnb.ca\\\/web\\\/#organization\"},\"potentialAction\":[{\"@type\":\"SearchAction\",\"target\":{\"@type\":\"EntryPoint\",\"urlTemplate\":\"https:\\\/\\\/artsnb.ca\\\/web\\\/?s={search_term_string}\"},\"query-input\":{\"@type\":\"PropertyValueSpecification\",\"valueRequired\":true,\"valueName\":\"search_term_string\"}}],\"inLanguage\":\"en-US\"},{\"@type\":\"Organization\",\"@id\":\"https:\\\/\\\/artsnb.ca\\\/web\\\/#organization\",\"name\":\"ArtsNB\",\"url\":\"https:\\\/\\\/artsnb.ca\\\/web\\\/\",\"logo\":{\"@type\":\"ImageObject\",\"inLanguage\":\"en-US\",\"@id\":\"https:\\\/\\\/artsnb.ca\\\/web\\\/#\\\/schema\\\/logo\\\/image\\\/\",\"url\":\"https:\\\/\\\/artsnb.ca\\\/web\\\/wp-content\\\/uploads\\\/2024\\\/04\\\/cropped-artsnb-PrimaryLogo-vertical-HiRes-2.jpg\",\"contentUrl\":\"https:\\\/\\\/artsnb.ca\\\/web\\\/wp-content\\\/uploads\\\/2024\\\/04\\\/cropped-artsnb-PrimaryLogo-vertical-HiRes-2.jpg\",\"width\":1698,\"height\":1223,\"caption\":\"ArtsNB\"},\"image\":{\"@id\":\"https:\\\/\\\/artsnb.ca\\\/web\\\/#\\\/schema\\\/logo\\\/image\\\/\"},\"sameAs\":[\"https:\\\/\\\/www.facebook.com\\\/artsnb\\\/\",\"https:\\\/\\\/x.com\\\/artsnb\",\"https:\\\/\\\/www.instagram.com\\\/artsnb\\\/\"]}]}<\/script>\n<!-- \/ Yoast SEO plugin. -->","yoast_head_json":{"title":"Tara Francis - ArtsNB","robots":{"index":"index","follow":"follow","max-snippet":"max-snippet:-1","max-image-preview":"max-image-preview:large","max-video-preview":"max-video-preview:-1"},"canonical":"https:\/\/artsnb.ca\/web\/2024-indigenous-artist-award\/","og_locale":"en_US","og_type":"article","og_title":"Tara Francis - ArtsNB","og_description":"TARA FRANCIS Prix de la lieutenante-gouverneure pour l\u2019excellence dans les arts Laur\u00e9ate 2024 du Prix de l\u2019artiste autochtone Tara Francis est une artiste visuelle mi&#8217;kmaq de la Premi\u00e8re nation d&#8217;Elsipogtog. Consid\u00e9r\u00e9e comme ma\u00eetre dans l\u2019art de l\u2019ornementation en piquants de porc-\u00e9pic, Tara est une artiste multidisciplinaire dont le travail comprend \u00e9galement le design de surfaces","og_url":"https:\/\/artsnb.ca\/web\/2024-indigenous-artist-award\/?lang=fr","og_site_name":"ArtsNB","article_publisher":"https:\/\/www.facebook.com\/artsnb\/","article_modified_time":"2024-11-11T18:43:58+00:00","og_image":[{"width":1024,"height":485,"url":"https:\/\/artsnb.ca\/web\/wp-content\/uploads\/2024\/09\/FB-IG_post-Tara-Francis-1024x485.png","type":"image\/png"}],"twitter_card":"summary_large_image","twitter_site":"@artsnb","twitter_misc":{"Est. reading time":"2 minutes"},"schema":{"@context":"https:\/\/schema.org","@graph":[{"@type":"WebPage","@id":"https:\/\/artsnb.ca\/web\/2024-indigenous-artist-award\/?lang=fr","url":"https:\/\/artsnb.ca\/web\/2024-indigenous-artist-award\/?lang=fr","name":"Tara Francis - ArtsNB","isPartOf":{"@id":"https:\/\/artsnb.ca\/web\/#website"},"primaryImageOfPage":{"@id":"https:\/\/artsnb.ca\/web\/2024-indigenous-artist-award\/?lang=fr#primaryimage"},"image":{"@id":"https:\/\/artsnb.ca\/web\/2024-indigenous-artist-award\/?lang=fr#primaryimage"},"thumbnailUrl":"https:\/\/artsnb.ca\/web\/wp-content\/uploads\/2024\/09\/FB-IG_post-Tara-Francis-1024x485.png","datePublished":"2024-09-25T17:33:24+00:00","dateModified":"2024-11-11T18:43:58+00:00","breadcrumb":{"@id":"https:\/\/artsnb.ca\/web\/2024-indigenous-artist-award\/?lang=fr#breadcrumb"},"inLanguage":"en-US","potentialAction":[{"@type":"ReadAction","target":["https:\/\/artsnb.ca\/web\/2024-indigenous-artist-award\/?lang=fr"]}]},{"@type":"ImageObject","inLanguage":"en-US","@id":"https:\/\/artsnb.ca\/web\/2024-indigenous-artist-award\/?lang=fr#primaryimage","url":"https:\/\/artsnb.ca\/web\/wp-content\/uploads\/2024\/09\/FB-IG_post-Tara-Francis.png","contentUrl":"https:\/\/artsnb.ca\/web\/wp-content\/uploads\/2024\/09\/FB-IG_post-Tara-Francis.png","width":3000,"height":1421},{"@type":"BreadcrumbList","@id":"https:\/\/artsnb.ca\/web\/2024-indigenous-artist-award\/?lang=fr#breadcrumb","itemListElement":[{"@type":"ListItem","position":1,"name":"Home","item":"https:\/\/artsnb.ca\/web\/"},{"@type":"ListItem","position":2,"name":"Tara Francis"}]},{"@type":"WebSite","@id":"https:\/\/artsnb.ca\/web\/#website","url":"https:\/\/artsnb.ca\/web\/","name":"ArtsNB","description":"EXCELLENCE. PROFESSIONALISM. INNOVATION.","publisher":{"@id":"https:\/\/artsnb.ca\/web\/#organization"},"potentialAction":[{"@type":"SearchAction","target":{"@type":"EntryPoint","urlTemplate":"https:\/\/artsnb.ca\/web\/?s={search_term_string}"},"query-input":{"@type":"PropertyValueSpecification","valueRequired":true,"valueName":"search_term_string"}}],"inLanguage":"en-US"},{"@type":"Organization","@id":"https:\/\/artsnb.ca\/web\/#organization","name":"ArtsNB","url":"https:\/\/artsnb.ca\/web\/","logo":{"@type":"ImageObject","inLanguage":"en-US","@id":"https:\/\/artsnb.ca\/web\/#\/schema\/logo\/image\/","url":"https:\/\/artsnb.ca\/web\/wp-content\/uploads\/2024\/04\/cropped-artsnb-PrimaryLogo-vertical-HiRes-2.jpg","contentUrl":"https:\/\/artsnb.ca\/web\/wp-content\/uploads\/2024\/04\/cropped-artsnb-PrimaryLogo-vertical-HiRes-2.jpg","width":1698,"height":1223,"caption":"ArtsNB"},"image":{"@id":"https:\/\/artsnb.ca\/web\/#\/schema\/logo\/image\/"},"sameAs":["https:\/\/www.facebook.com\/artsnb\/","https:\/\/x.com\/artsnb","https:\/\/www.instagram.com\/artsnb\/"]}]}},"_links":{"self":[{"href":"https:\/\/artsnb.ca\/web\/wp-json\/wp\/v2\/pages\/18378","targetHints":{"allow":["GET"]}}],"collection":[{"href":"https:\/\/artsnb.ca\/web\/wp-json\/wp\/v2\/pages"}],"about":[{"href":"https:\/\/artsnb.ca\/web\/wp-json\/wp\/v2\/types\/page"}],"author":[{"embeddable":true,"href":"https:\/\/artsnb.ca\/web\/wp-json\/wp\/v2\/users\/7"}],"replies":[{"embeddable":true,"href":"https:\/\/artsnb.ca\/web\/wp-json\/wp\/v2\/comments?post=18378"}],"version-history":[{"count":8,"href":"https:\/\/artsnb.ca\/web\/wp-json\/wp\/v2\/pages\/18378\/revisions"}],"predecessor-version":[{"id":18798,"href":"https:\/\/artsnb.ca\/web\/wp-json\/wp\/v2\/pages\/18378\/revisions\/18798"}],"wp:attachment":[{"href":"https:\/\/artsnb.ca\/web\/wp-json\/wp\/v2\/media?parent=18378"}],"curies":[{"name":"wp","href":"https:\/\/api.w.org\/{rel}","templated":true}]}}