{"id":360,"date":"2019-07-30T02:22:34","date_gmt":"2019-07-30T02:22:34","guid":{"rendered":"https:\/\/staging-artsnb.weavercrawford.com\/?page_id=360"},"modified":"2025-12-04T20:37:54","modified_gmt":"2025-12-04T20:37:54","slug":"conseil-dadministration","status":"publish","type":"page","link":"https:\/\/artsnb.ca\/web\/a-propos\/conseil-dadministration\/?lang=fr","title":{"rendered":"Conseil d&#8217;administration"},"content":{"rendered":"\n<h2 class=\"wp-block-heading\">EX-OFFICIO<\/h2>\n\n\n\n<p><br>Jean-Pierre Caissie, Direction g\u00e9n\u00e9rale, Conseil des arts du Nouveau-Brunswick<br><\/p>\n\n\n\n<div style=\"height:20px\" aria-hidden=\"true\" class=\"wp-block-spacer\"><\/div>\n\n\n\n<h2 class=\"wp-block-heading\">NOMINATIONS AU CONSEIL<\/h2>\n\n\n\n<p><br>Le Conseil des arts du Nouveau-Brunswick est un organisme de financement des arts ind\u00e9pendant dont le mandat est pr\u00e9vu par la loi pour faciliter et promouvoir la cr\u00e9ation d\u2019\u0153uvres d\u2019art et l\u2019administration de programmes de financement pour les artistes professionnel.les de la province. Il conseille \u00e9galement le gouvernement, par l&#8217;interm\u00e9diaire de la ministre du Tourisme, Patrimoine et Culture, sur l\u2019\u00e9laboration d\u2019une politique favorable aux arts et sur des questions connexes.<br>Pour obtenir plus de renseignements, visitez le site web du gouvernement ou contactez la pr\u00e9sidence ou la direction g\u00e9n\u00e9rale.<\/p>\n","protected":false},"excerpt":{"rendered":"<p>EX-OFFICIO Jean-Pierre Caissie, Direction g\u00e9n\u00e9rale, Conseil des arts du Nouveau-Brunswick NOMINATIONS AU CONSEIL Le Conseil des arts du Nouveau-Brunswick est un organisme de financement des arts ind\u00e9pendant dont le mandat est pr\u00e9vu par la loi pour faciliter et promouvoir la cr\u00e9ation d\u2019\u0153uvres d\u2019art et l\u2019administration de programmes de financement pour les artistes professionnel.les de la<\/p>\n","protected":false},"author":2,"featured_media":0,"parent":355,"menu_order":0,"comment_status":"closed","ping_status":"closed","template":"page-templates\/about-profile-page.php","meta":{"_acf_changed":false,"footnotes":""},"class_list":["post-360","page","type-page","status-publish","hentry"],"acf":[],"yoast_head":"<!-- This site is optimized with the Yoast SEO plugin v27.4 - https:\/\/yoast.com\/product\/yoast-seo-wordpress\/ -->\n<title>Conseil d&#039;administration - ArtsNB<\/title>\n<meta name=\"robots\" content=\"index, follow, max-snippet:-1, max-image-preview:large, max-video-preview:-1\" \/>\n<link rel=\"canonical\" href=\"https:\/\/artsnb.ca\/web\/a-propos\/conseil-dadministration\/\" \/>\n<meta property=\"og:locale\" content=\"en_US\" \/>\n<meta property=\"og:type\" content=\"article\" \/>\n<meta property=\"og:title\" content=\"Conseil d&#039;administration - ArtsNB\" \/>\n<meta property=\"og:description\" content=\"EX-OFFICIO Jean-Pierre Caissie, Direction g\u00e9n\u00e9rale, Conseil des arts du Nouveau-Brunswick NOMINATIONS AU CONSEIL Le Conseil des arts du Nouveau-Brunswick est un organisme de financement des arts ind\u00e9pendant dont le mandat est pr\u00e9vu par la loi pour faciliter et promouvoir la cr\u00e9ation d\u2019\u0153uvres d\u2019art et l\u2019administration de programmes de financement pour les artistes professionnel.les de la\" \/>\n<meta property=\"og:url\" content=\"https:\/\/artsnb.ca\/web\/a-propos\/conseil-dadministration\/?lang=fr\" \/>\n<meta property=\"og:site_name\" content=\"ArtsNB\" \/>\n<meta property=\"article:publisher\" content=\"https:\/\/www.facebook.com\/artsnb\/\" \/>\n<meta property=\"article:modified_time\" content=\"2025-12-04T20:37:54+00:00\" \/>\n<meta property=\"og:image\" content=\"https:\/\/artsnb.ca\/web\/wp-content\/uploads\/2019\/09\/artsnb-logo-horizontal.jpg\" \/>\n\t<meta property=\"og:image:width\" content=\"1724\" \/>\n\t<meta property=\"og:image:height\" content=\"561\" \/>\n\t<meta property=\"og:image:type\" content=\"image\/jpeg\" \/>\n<meta name=\"twitter:card\" content=\"summary_large_image\" \/>\n<meta name=\"twitter:site\" content=\"@artsnb\" \/>\n<meta name=\"twitter:label1\" content=\"Est. reading time\" \/>\n\t<meta name=\"twitter:data1\" content=\"1 minute\" \/>\n<script type=\"application\/ld+json\" class=\"yoast-schema-graph\">{\"@context\":\"https:\\\/\\\/schema.org\",\"@graph\":[{\"@type\":\"WebPage\",\"@id\":\"https:\\\/\\\/artsnb.ca\\\/web\\\/a-propos\\\/conseil-dadministration\\\/?lang=fr\",\"url\":\"https:\\\/\\\/artsnb.ca\\\/web\\\/a-propos\\\/conseil-dadministration\\\/?lang=fr\",\"name\":\"Conseil d'administration - ArtsNB\",\"isPartOf\":{\"@id\":\"https:\\\/\\\/artsnb.ca\\\/web\\\/#website\"},\"datePublished\":\"2019-07-30T02:22:34+00:00\",\"dateModified\":\"2025-12-04T20:37:54+00:00\",\"breadcrumb\":{\"@id\":\"https:\\\/\\\/artsnb.ca\\\/web\\\/a-propos\\\/conseil-dadministration\\\/?lang=fr#breadcrumb\"},\"inLanguage\":\"en-US\",\"potentialAction\":[{\"@type\":\"ReadAction\",\"target\":[\"https:\\\/\\\/artsnb.ca\\\/web\\\/a-propos\\\/conseil-dadministration\\\/?lang=fr\"]}]},{\"@type\":\"BreadcrumbList\",\"@id\":\"https:\\\/\\\/artsnb.ca\\\/web\\\/a-propos\\\/conseil-dadministration\\\/?lang=fr#breadcrumb\",\"itemListElement\":[{\"@type\":\"ListItem\",\"position\":1,\"name\":\"Home\",\"item\":\"https:\\\/\\\/artsnb.ca\\\/web\\\/\"},{\"@type\":\"ListItem\",\"position\":2,\"name\":\"\u00c0 PROPOS\",\"item\":\"https:\\\/\\\/artsnb.ca\\\/web\\\/a-propos\\\/\"},{\"@type\":\"ListItem\",\"position\":3,\"name\":\"Conseil d&#8217;administration\"}]},{\"@type\":\"WebSite\",\"@id\":\"https:\\\/\\\/artsnb.ca\\\/web\\\/#website\",\"url\":\"https:\\\/\\\/artsnb.ca\\\/web\\\/\",\"name\":\"ArtsNB\",\"description\":\"EXCELLENCE. PROFESSIONALISM. INNOVATION.\",\"publisher\":{\"@id\":\"https:\\\/\\\/artsnb.ca\\\/web\\\/#organization\"},\"potentialAction\":[{\"@type\":\"SearchAction\",\"target\":{\"@type\":\"EntryPoint\",\"urlTemplate\":\"https:\\\/\\\/artsnb.ca\\\/web\\\/?s={search_term_string}\"},\"query-input\":{\"@type\":\"PropertyValueSpecification\",\"valueRequired\":true,\"valueName\":\"search_term_string\"}}],\"inLanguage\":\"en-US\"},{\"@type\":\"Organization\",\"@id\":\"https:\\\/\\\/artsnb.ca\\\/web\\\/#organization\",\"name\":\"ArtsNB\",\"url\":\"https:\\\/\\\/artsnb.ca\\\/web\\\/\",\"logo\":{\"@type\":\"ImageObject\",\"inLanguage\":\"en-US\",\"@id\":\"https:\\\/\\\/artsnb.ca\\\/web\\\/#\\\/schema\\\/logo\\\/image\\\/\",\"url\":\"https:\\\/\\\/artsnb.ca\\\/web\\\/wp-content\\\/uploads\\\/2024\\\/04\\\/cropped-artsnb-PrimaryLogo-vertical-HiRes-2.jpg\",\"contentUrl\":\"https:\\\/\\\/artsnb.ca\\\/web\\\/wp-content\\\/uploads\\\/2024\\\/04\\\/cropped-artsnb-PrimaryLogo-vertical-HiRes-2.jpg\",\"width\":1698,\"height\":1223,\"caption\":\"ArtsNB\"},\"image\":{\"@id\":\"https:\\\/\\\/artsnb.ca\\\/web\\\/#\\\/schema\\\/logo\\\/image\\\/\"},\"sameAs\":[\"https:\\\/\\\/www.facebook.com\\\/artsnb\\\/\",\"https:\\\/\\\/x.com\\\/artsnb\",\"https:\\\/\\\/www.instagram.com\\\/artsnb\\\/\"]}]}<\/script>\n<!-- \/ Yoast SEO plugin. -->","yoast_head_json":{"title":"Conseil d'administration - ArtsNB","robots":{"index":"index","follow":"follow","max-snippet":"max-snippet:-1","max-image-preview":"max-image-preview:large","max-video-preview":"max-video-preview:-1"},"canonical":"https:\/\/artsnb.ca\/web\/a-propos\/conseil-dadministration\/","og_locale":"en_US","og_type":"article","og_title":"Conseil d'administration - ArtsNB","og_description":"EX-OFFICIO Jean-Pierre Caissie, Direction g\u00e9n\u00e9rale, Conseil des arts du Nouveau-Brunswick NOMINATIONS AU CONSEIL Le Conseil des arts du Nouveau-Brunswick est un organisme de financement des arts ind\u00e9pendant dont le mandat est pr\u00e9vu par la loi pour faciliter et promouvoir la cr\u00e9ation d\u2019\u0153uvres d\u2019art et l\u2019administration de programmes de financement pour les artistes professionnel.les de la","og_url":"https:\/\/artsnb.ca\/web\/a-propos\/conseil-dadministration\/?lang=fr","og_site_name":"ArtsNB","article_publisher":"https:\/\/www.facebook.com\/artsnb\/","article_modified_time":"2025-12-04T20:37:54+00:00","og_image":[{"width":1724,"height":561,"url":"https:\/\/artsnb.ca\/web\/wp-content\/uploads\/2019\/09\/artsnb-logo-horizontal.jpg","type":"image\/jpeg"}],"twitter_card":"summary_large_image","twitter_site":"@artsnb","twitter_misc":{"Est. reading time":"1 minute"},"schema":{"@context":"https:\/\/schema.org","@graph":[{"@type":"WebPage","@id":"https:\/\/artsnb.ca\/web\/a-propos\/conseil-dadministration\/?lang=fr","url":"https:\/\/artsnb.ca\/web\/a-propos\/conseil-dadministration\/?lang=fr","name":"Conseil d'administration - ArtsNB","isPartOf":{"@id":"https:\/\/artsnb.ca\/web\/#website"},"datePublished":"2019-07-30T02:22:34+00:00","dateModified":"2025-12-04T20:37:54+00:00","breadcrumb":{"@id":"https:\/\/artsnb.ca\/web\/a-propos\/conseil-dadministration\/?lang=fr#breadcrumb"},"inLanguage":"en-US","potentialAction":[{"@type":"ReadAction","target":["https:\/\/artsnb.ca\/web\/a-propos\/conseil-dadministration\/?lang=fr"]}]},{"@type":"BreadcrumbList","@id":"https:\/\/artsnb.ca\/web\/a-propos\/conseil-dadministration\/?lang=fr#breadcrumb","itemListElement":[{"@type":"ListItem","position":1,"name":"Home","item":"https:\/\/artsnb.ca\/web\/"},{"@type":"ListItem","position":2,"name":"\u00c0 PROPOS","item":"https:\/\/artsnb.ca\/web\/a-propos\/"},{"@type":"ListItem","position":3,"name":"Conseil d&#8217;administration"}]},{"@type":"WebSite","@id":"https:\/\/artsnb.ca\/web\/#website","url":"https:\/\/artsnb.ca\/web\/","name":"ArtsNB","description":"EXCELLENCE. PROFESSIONALISM. INNOVATION.","publisher":{"@id":"https:\/\/artsnb.ca\/web\/#organization"},"potentialAction":[{"@type":"SearchAction","target":{"@type":"EntryPoint","urlTemplate":"https:\/\/artsnb.ca\/web\/?s={search_term_string}"},"query-input":{"@type":"PropertyValueSpecification","valueRequired":true,"valueName":"search_term_string"}}],"inLanguage":"en-US"},{"@type":"Organization","@id":"https:\/\/artsnb.ca\/web\/#organization","name":"ArtsNB","url":"https:\/\/artsnb.ca\/web\/","logo":{"@type":"ImageObject","inLanguage":"en-US","@id":"https:\/\/artsnb.ca\/web\/#\/schema\/logo\/image\/","url":"https:\/\/artsnb.ca\/web\/wp-content\/uploads\/2024\/04\/cropped-artsnb-PrimaryLogo-vertical-HiRes-2.jpg","contentUrl":"https:\/\/artsnb.ca\/web\/wp-content\/uploads\/2024\/04\/cropped-artsnb-PrimaryLogo-vertical-HiRes-2.jpg","width":1698,"height":1223,"caption":"ArtsNB"},"image":{"@id":"https:\/\/artsnb.ca\/web\/#\/schema\/logo\/image\/"},"sameAs":["https:\/\/www.facebook.com\/artsnb\/","https:\/\/x.com\/artsnb","https:\/\/www.instagram.com\/artsnb\/"]}]}},"_links":{"self":[{"href":"https:\/\/artsnb.ca\/web\/wp-json\/wp\/v2\/pages\/360","targetHints":{"allow":["GET"]}}],"collection":[{"href":"https:\/\/artsnb.ca\/web\/wp-json\/wp\/v2\/pages"}],"about":[{"href":"https:\/\/artsnb.ca\/web\/wp-json\/wp\/v2\/types\/page"}],"author":[{"embeddable":true,"href":"https:\/\/artsnb.ca\/web\/wp-json\/wp\/v2\/users\/2"}],"replies":[{"embeddable":true,"href":"https:\/\/artsnb.ca\/web\/wp-json\/wp\/v2\/comments?post=360"}],"version-history":[{"count":97,"href":"https:\/\/artsnb.ca\/web\/wp-json\/wp\/v2\/pages\/360\/revisions"}],"predecessor-version":[{"id":22454,"href":"https:\/\/artsnb.ca\/web\/wp-json\/wp\/v2\/pages\/360\/revisions\/22454"}],"up":[{"embeddable":true,"href":"https:\/\/artsnb.ca\/web\/wp-json\/wp\/v2\/pages\/355"}],"wp:attachment":[{"href":"https:\/\/artsnb.ca\/web\/wp-json\/wp\/v2\/media?parent=360"}],"curies":[{"name":"wp","href":"https:\/\/api.w.org\/{rel}","templated":true}]}}