{"id":576,"date":"2019-07-30T00:32:09","date_gmt":"2019-07-30T00:32:09","guid":{"rendered":"https:\/\/staging-artsnb.weavercrawford.com\/resources\/brand-assets\/"},"modified":"2024-07-16T15:22:24","modified_gmt":"2024-07-16T15:22:24","slug":"brand-assets","status":"publish","type":"page","link":"https:\/\/artsnb.ca\/web\/resources\/brand-assets\/?lang=fr","title":{"rendered":"Logos &#038; guide"},"content":{"rendered":"\n<p>Le Conseil des arts du Nouveau-Brunswick demande \u00e0 tous.tes les b\u00e9n\u00e9ficiaires de subventions de bien reconna\u00eetre son aide dans tout mat\u00e9riel, publications et programmes concernant les \u0153uvres ou spectacles reli\u00e9s \u00e0 leur subvention. Cette mention devrait \u00eatre proportionnellement aussi importante que celle qui est faite de l\u2019aide similaire re\u00e7ue d\u2019entreprises ou d\u2019autres commanditaires ou donateurs. Les blocs-logos du Conseil ne doivent \u00eatre utilis\u00e9s que par les b\u00e9n\u00e9ficiares de subventions.<\/p>\n\n\n\n<p>Veuillez formuler votre mention en vous guidant sur les logos t\u00e9l\u00e9chargeables fournis ci-dessous.<\/p>\n\n\n\n<div class=\"wp-block-file square_button\"><a id=\"wp-block-file--media-61078375-faff-4a6e-883e-b6f706219010\" href=\"https:\/\/artsnb.ca\/web\/wp-content\/uploads\/2024\/07\/artsnb_logos_2024.zip\" target=\"_blank\" rel=\"noreferrer noopener\">artsnb_logos_2024<\/a><\/div>\n\n\n\n<div class=\"wp-block-file square_button\"><a href=\"https:\/\/artsnb.ca\/web\/wp-content\/uploads\/2019\/11\/ArtsNB-brand-guide-Nov-2019.pdf\" target=\"_blank\" rel=\"noreferrer noopener\">Lignes directrices sur l\u2019image de marque d&#8217;artsnb 2019<\/a><\/div>\n\n\n\n<h2 class=\"wp-block-heading\">Mention de l\u2019aide financi\u00e8re re\u00e7ue<\/h2>\n\n\n\n<p>Mention appropri\u00e9e:<\/p>\n\n\n\n<ul class=\"wp-block-list\">\n<li>Cette activit\u00e9 \/ tourn\u00e9e \/ performance est soutenue par le Conseil des arts du Nouveau-Brunswick<\/li>\n\n\n\n<li>This activity \/ tour \/ event is supported by the New Brunswick Arts Board<\/li>\n<\/ul>\n\n\n\n<p>Dans la mesure du possible, les r\u00e9cipiendaires de subventions devraient incorporer le logo d&#8217;artsnb ainsi que la mention appropri\u00e9e dans toutes leurs publications et mat\u00e9riaux promotionnels.<\/p>\n\n\n\n<p>La mention doit \u00eatre bilingue, le texte en fran\u00e7ais d\u2019abord pour un public majoritairement de langue fran\u00e7aise, ou en anglais d\u2019abord pour un public majoritairement de langue anglaise. Veuillez respecter les proportions du bloc-logo.<\/p>\n\n\n\n<p>Ne pas reproduire les blocs-logos en plus petit que 1 pouce et demi de haut ou le modifier de quelque fa\u00e7on. <\/p>\n\n\n\n<p>Pour toute question sur l\u2019usage des logos d&#8217;artsnb, veuillez communiquer avec nous. <\/p>\n","protected":false},"excerpt":{"rendered":"<p>Le Conseil des arts du Nouveau-Brunswick demande \u00e0 tous.tes les b\u00e9n\u00e9ficiaires de subventions de bien reconna\u00eetre son aide dans tout mat\u00e9riel, publications et programmes concernant les \u0153uvres ou spectacles reli\u00e9s \u00e0 leur subvention. Cette mention devrait \u00eatre proportionnellement aussi importante que celle qui est faite de l\u2019aide similaire re\u00e7ue d\u2019entreprises ou d\u2019autres commanditaires ou donateurs.<\/p>\n","protected":false},"author":2,"featured_media":0,"parent":572,"menu_order":0,"comment_status":"closed","ping_status":"closed","template":"page-templates\/resources-page.php","meta":{"_acf_changed":false,"footnotes":""},"class_list":["post-576","page","type-page","status-publish","hentry"],"acf":[],"yoast_head":"<!-- This site is optimized with the Yoast SEO plugin v27.4 - https:\/\/yoast.com\/product\/yoast-seo-wordpress\/ -->\n<title>Logos &amp; guide - ArtsNB<\/title>\n<meta name=\"robots\" content=\"index, follow, max-snippet:-1, max-image-preview:large, max-video-preview:-1\" \/>\n<link rel=\"canonical\" href=\"https:\/\/artsnb.ca\/web\/resources\/brand-assets\/\" \/>\n<meta property=\"og:locale\" content=\"en_US\" \/>\n<meta property=\"og:type\" content=\"article\" \/>\n<meta property=\"og:title\" content=\"Logos &amp; guide - ArtsNB\" \/>\n<meta property=\"og:description\" content=\"Le Conseil des arts du Nouveau-Brunswick demande \u00e0 tous.tes les b\u00e9n\u00e9ficiaires de subventions de bien reconna\u00eetre son aide dans tout mat\u00e9riel, publications et programmes concernant les \u0153uvres ou spectacles reli\u00e9s \u00e0 leur subvention. Cette mention devrait \u00eatre proportionnellement aussi importante que celle qui est faite de l\u2019aide similaire re\u00e7ue d\u2019entreprises ou d\u2019autres commanditaires ou donateurs.\" \/>\n<meta property=\"og:url\" content=\"https:\/\/artsnb.ca\/web\/resources\/brand-assets\/?lang=fr\" \/>\n<meta property=\"og:site_name\" content=\"ArtsNB\" \/>\n<meta property=\"article:publisher\" content=\"https:\/\/www.facebook.com\/artsnb\/\" \/>\n<meta property=\"article:modified_time\" content=\"2024-07-16T15:22:24+00:00\" \/>\n<meta property=\"og:image\" content=\"https:\/\/artsnb.ca\/web\/wp-content\/uploads\/2019\/09\/artsnb-logo-horizontal.jpg\" \/>\n\t<meta property=\"og:image:width\" content=\"1724\" \/>\n\t<meta property=\"og:image:height\" content=\"561\" \/>\n\t<meta property=\"og:image:type\" content=\"image\/jpeg\" \/>\n<meta name=\"twitter:card\" content=\"summary_large_image\" \/>\n<meta name=\"twitter:site\" content=\"@artsnb\" \/>\n<meta name=\"twitter:label1\" content=\"Est. reading time\" \/>\n\t<meta name=\"twitter:data1\" content=\"1 minute\" \/>\n<script type=\"application\/ld+json\" class=\"yoast-schema-graph\">{\"@context\":\"https:\\\/\\\/schema.org\",\"@graph\":[{\"@type\":\"WebPage\",\"@id\":\"https:\\\/\\\/artsnb.ca\\\/web\\\/resources\\\/brand-assets\\\/?lang=fr\",\"url\":\"https:\\\/\\\/artsnb.ca\\\/web\\\/resources\\\/brand-assets\\\/?lang=fr\",\"name\":\"Logos & guide - ArtsNB\",\"isPartOf\":{\"@id\":\"https:\\\/\\\/artsnb.ca\\\/web\\\/#website\"},\"datePublished\":\"2019-07-30T00:32:09+00:00\",\"dateModified\":\"2024-07-16T15:22:24+00:00\",\"breadcrumb\":{\"@id\":\"https:\\\/\\\/artsnb.ca\\\/web\\\/resources\\\/brand-assets\\\/?lang=fr#breadcrumb\"},\"inLanguage\":\"en-US\",\"potentialAction\":[{\"@type\":\"ReadAction\",\"target\":[\"https:\\\/\\\/artsnb.ca\\\/web\\\/resources\\\/brand-assets\\\/?lang=fr\"]}]},{\"@type\":\"BreadcrumbList\",\"@id\":\"https:\\\/\\\/artsnb.ca\\\/web\\\/resources\\\/brand-assets\\\/?lang=fr#breadcrumb\",\"itemListElement\":[{\"@type\":\"ListItem\",\"position\":1,\"name\":\"Home\",\"item\":\"https:\\\/\\\/artsnb.ca\\\/web\\\/\"},{\"@type\":\"ListItem\",\"position\":2,\"name\":\"Resources\",\"item\":\"https:\\\/\\\/artsnb.ca\\\/web\\\/resources\\\/\"},{\"@type\":\"ListItem\",\"position\":3,\"name\":\"Logos &#038; guide\"}]},{\"@type\":\"WebSite\",\"@id\":\"https:\\\/\\\/artsnb.ca\\\/web\\\/#website\",\"url\":\"https:\\\/\\\/artsnb.ca\\\/web\\\/\",\"name\":\"ArtsNB\",\"description\":\"EXCELLENCE. PROFESSIONALISM. INNOVATION.\",\"publisher\":{\"@id\":\"https:\\\/\\\/artsnb.ca\\\/web\\\/#organization\"},\"potentialAction\":[{\"@type\":\"SearchAction\",\"target\":{\"@type\":\"EntryPoint\",\"urlTemplate\":\"https:\\\/\\\/artsnb.ca\\\/web\\\/?s={search_term_string}\"},\"query-input\":{\"@type\":\"PropertyValueSpecification\",\"valueRequired\":true,\"valueName\":\"search_term_string\"}}],\"inLanguage\":\"en-US\"},{\"@type\":\"Organization\",\"@id\":\"https:\\\/\\\/artsnb.ca\\\/web\\\/#organization\",\"name\":\"ArtsNB\",\"url\":\"https:\\\/\\\/artsnb.ca\\\/web\\\/\",\"logo\":{\"@type\":\"ImageObject\",\"inLanguage\":\"en-US\",\"@id\":\"https:\\\/\\\/artsnb.ca\\\/web\\\/#\\\/schema\\\/logo\\\/image\\\/\",\"url\":\"https:\\\/\\\/artsnb.ca\\\/web\\\/wp-content\\\/uploads\\\/2024\\\/04\\\/cropped-artsnb-PrimaryLogo-vertical-HiRes-2.jpg\",\"contentUrl\":\"https:\\\/\\\/artsnb.ca\\\/web\\\/wp-content\\\/uploads\\\/2024\\\/04\\\/cropped-artsnb-PrimaryLogo-vertical-HiRes-2.jpg\",\"width\":1698,\"height\":1223,\"caption\":\"ArtsNB\"},\"image\":{\"@id\":\"https:\\\/\\\/artsnb.ca\\\/web\\\/#\\\/schema\\\/logo\\\/image\\\/\"},\"sameAs\":[\"https:\\\/\\\/www.facebook.com\\\/artsnb\\\/\",\"https:\\\/\\\/x.com\\\/artsnb\",\"https:\\\/\\\/www.instagram.com\\\/artsnb\\\/\"]}]}<\/script>\n<!-- \/ Yoast SEO plugin. -->","yoast_head_json":{"title":"Logos & guide - ArtsNB","robots":{"index":"index","follow":"follow","max-snippet":"max-snippet:-1","max-image-preview":"max-image-preview:large","max-video-preview":"max-video-preview:-1"},"canonical":"https:\/\/artsnb.ca\/web\/resources\/brand-assets\/","og_locale":"en_US","og_type":"article","og_title":"Logos & guide - ArtsNB","og_description":"Le Conseil des arts du Nouveau-Brunswick demande \u00e0 tous.tes les b\u00e9n\u00e9ficiaires de subventions de bien reconna\u00eetre son aide dans tout mat\u00e9riel, publications et programmes concernant les \u0153uvres ou spectacles reli\u00e9s \u00e0 leur subvention. Cette mention devrait \u00eatre proportionnellement aussi importante que celle qui est faite de l\u2019aide similaire re\u00e7ue d\u2019entreprises ou d\u2019autres commanditaires ou donateurs.","og_url":"https:\/\/artsnb.ca\/web\/resources\/brand-assets\/?lang=fr","og_site_name":"ArtsNB","article_publisher":"https:\/\/www.facebook.com\/artsnb\/","article_modified_time":"2024-07-16T15:22:24+00:00","og_image":[{"width":1724,"height":561,"url":"https:\/\/artsnb.ca\/web\/wp-content\/uploads\/2019\/09\/artsnb-logo-horizontal.jpg","type":"image\/jpeg"}],"twitter_card":"summary_large_image","twitter_site":"@artsnb","twitter_misc":{"Est. reading time":"1 minute"},"schema":{"@context":"https:\/\/schema.org","@graph":[{"@type":"WebPage","@id":"https:\/\/artsnb.ca\/web\/resources\/brand-assets\/?lang=fr","url":"https:\/\/artsnb.ca\/web\/resources\/brand-assets\/?lang=fr","name":"Logos & guide - ArtsNB","isPartOf":{"@id":"https:\/\/artsnb.ca\/web\/#website"},"datePublished":"2019-07-30T00:32:09+00:00","dateModified":"2024-07-16T15:22:24+00:00","breadcrumb":{"@id":"https:\/\/artsnb.ca\/web\/resources\/brand-assets\/?lang=fr#breadcrumb"},"inLanguage":"en-US","potentialAction":[{"@type":"ReadAction","target":["https:\/\/artsnb.ca\/web\/resources\/brand-assets\/?lang=fr"]}]},{"@type":"BreadcrumbList","@id":"https:\/\/artsnb.ca\/web\/resources\/brand-assets\/?lang=fr#breadcrumb","itemListElement":[{"@type":"ListItem","position":1,"name":"Home","item":"https:\/\/artsnb.ca\/web\/"},{"@type":"ListItem","position":2,"name":"Resources","item":"https:\/\/artsnb.ca\/web\/resources\/"},{"@type":"ListItem","position":3,"name":"Logos &#038; guide"}]},{"@type":"WebSite","@id":"https:\/\/artsnb.ca\/web\/#website","url":"https:\/\/artsnb.ca\/web\/","name":"ArtsNB","description":"EXCELLENCE. PROFESSIONALISM. INNOVATION.","publisher":{"@id":"https:\/\/artsnb.ca\/web\/#organization"},"potentialAction":[{"@type":"SearchAction","target":{"@type":"EntryPoint","urlTemplate":"https:\/\/artsnb.ca\/web\/?s={search_term_string}"},"query-input":{"@type":"PropertyValueSpecification","valueRequired":true,"valueName":"search_term_string"}}],"inLanguage":"en-US"},{"@type":"Organization","@id":"https:\/\/artsnb.ca\/web\/#organization","name":"ArtsNB","url":"https:\/\/artsnb.ca\/web\/","logo":{"@type":"ImageObject","inLanguage":"en-US","@id":"https:\/\/artsnb.ca\/web\/#\/schema\/logo\/image\/","url":"https:\/\/artsnb.ca\/web\/wp-content\/uploads\/2024\/04\/cropped-artsnb-PrimaryLogo-vertical-HiRes-2.jpg","contentUrl":"https:\/\/artsnb.ca\/web\/wp-content\/uploads\/2024\/04\/cropped-artsnb-PrimaryLogo-vertical-HiRes-2.jpg","width":1698,"height":1223,"caption":"ArtsNB"},"image":{"@id":"https:\/\/artsnb.ca\/web\/#\/schema\/logo\/image\/"},"sameAs":["https:\/\/www.facebook.com\/artsnb\/","https:\/\/x.com\/artsnb","https:\/\/www.instagram.com\/artsnb\/"]}]}},"_links":{"self":[{"href":"https:\/\/artsnb.ca\/web\/wp-json\/wp\/v2\/pages\/576","targetHints":{"allow":["GET"]}}],"collection":[{"href":"https:\/\/artsnb.ca\/web\/wp-json\/wp\/v2\/pages"}],"about":[{"href":"https:\/\/artsnb.ca\/web\/wp-json\/wp\/v2\/types\/page"}],"author":[{"embeddable":true,"href":"https:\/\/artsnb.ca\/web\/wp-json\/wp\/v2\/users\/2"}],"replies":[{"embeddable":true,"href":"https:\/\/artsnb.ca\/web\/wp-json\/wp\/v2\/comments?post=576"}],"version-history":[{"count":9,"href":"https:\/\/artsnb.ca\/web\/wp-json\/wp\/v2\/pages\/576\/revisions"}],"predecessor-version":[{"id":17910,"href":"https:\/\/artsnb.ca\/web\/wp-json\/wp\/v2\/pages\/576\/revisions\/17910"}],"up":[{"embeddable":true,"href":"https:\/\/artsnb.ca\/web\/wp-json\/wp\/v2\/pages\/572"}],"wp:attachment":[{"href":"https:\/\/artsnb.ca\/web\/wp-json\/wp\/v2\/media?parent=576"}],"curies":[{"name":"wp","href":"https:\/\/api.w.org\/{rel}","templated":true}]}}